 Calculate the highest common divisor of z and m.
94
Suppose 2*z - 760 = -5*c, -c + 456 = 2*c - 5*z. Suppose -4*f - 59*b + 58*b = -c, 0 = 2*f - 5*b - 76. What is the highest common divisor of f and 323?
19
Let u be (0 - (-288)/14)/(((-646)/17)/(-1064)). What is the greatest common divisor of 448 and u?
64
Suppose 0 = 2*u + i + 1219, 0 = 4*u - 2*u + 5*i + 1239. Let a = -212 - u. Calculate the greatest common divisor of a and 237.
79
Let g = 998 - -221. Calculate the highest common factor of 92 and g.
23
Let i be (-12 + -2)*(-2)/4. Suppose 0 = -379*r + 380*r + 195. Let o be 12/(-18) - r/9. Calculate the greatest common divisor of o and i.
7
Suppose 3*k - 99 = 14*k. Let r be (12/k)/(-1*(-7)/(-84)). Let h(c) = 37*c - 4. Let q be h(4). Calculate the highest common factor of r and q.
16
Suppose -8*y = -7*y + 75. Let h = y - -208. Calculate the highest common divisor of 38 and h.
19
Suppose -2*o + 3*r + 7185 = -42075, 98522 = 4*o - 5*r. What is the greatest common factor of o and 21?
21
Let z(w) = -w**2 - 15*w - 52. Let k be z(-6). Suppose 3*m = b - k, -5*b - m = -3*b - 4. Calculate the greatest common divisor of b and 74.
2
Let w = 370 - 262. Suppose -5*p + 230 = -5*g, -6*p + p + 138 = -3*g. Let v = g + 58. Calculate the highest common divisor of v and w.
12
Suppose 8*p + 13 = 29. Let z be 138*(p/4 + 1). What is the highest common divisor of z and 46?
23
Suppose -44*m + 502 = 4*m - 7178. What is the greatest common divisor of 500 and m?
20
Let g = 242 + -238. Suppose g*o - 25 = -21*o. What is the greatest common factor of o and 32?
1
Let f = -731 + 550. Let b = -148 - f. Calculate the highest common divisor of b and 22.
11
Suppose -2*h - 10 = 0, -4*w + 3*h - 309 = -7404. What is the highest common factor of w and 120?
30
Let f be 3642 - (0/12)/(-1). What is the highest common divisor of 12 and f?
6
Let y be ((-30)/(-36))/((-3)/(-36)). Let b be -1*12/y*(-19780)/258. What is the greatest common factor of 322 and b?
46
Suppose 0 = -2*t + 6*t - 5*h - 23, 2*t - 12 = 2*h. Suppose -12*q = -t*q + 15, 226 = 5*f - 2*q. Calculate the greatest common factor of 20 and f.
4
Suppose 140 - 26 = -3*t + 4*u, 0 = 2*t - 2*u + 76. Let p(f) = -f**3 - 37*f**2 + 35*f - 90. Let g be p(t). What is the greatest common factor of g and 492?
12
Let v be (0 + 11/330*70)/(1/1731). What is the greatest common divisor of v and 7?
7
Let p be (-8)/(-2 + (-18790)/(-9400)). What is the highest common factor of 48 and p?
16
Let a be (-96)/15*(-8 - -3). Suppose -4*o + 0*o = a. Let t = o - -16. What is the highest common factor of t and 24?
8
Let o(r) = 1509*r + 1597. Let f be o(7). Calculate the greatest common divisor of f and 38.
38
Let o be (-7 - 222/9)/(4/(-216)). What is the greatest common divisor of 1330 and o?
190
Suppose 0 = 3*n + 2*n + 20. Let p(k) = k + 8. Let f be p(n). What is the highest common factor of f and 20?
4
Suppose 5*g - 4*y + 53 = 0, 4*y = 4*g + 46 - 2. Let z be (-1 - g - 6) + 19. What is the highest common divisor of z and 112?
7
Suppose 294*z + 2051 = 3*a + 290*z, -5*a - 5*z = -3395. What is the greatest common factor of 1816 and a?
227
Let y = -10150 - -10282. What is the greatest common factor of 99 and y?
33
Let p(j) = -2*j**3 - 5*j**2 + 13*j - 1. Let d be p(-6). Suppose -3*o + d = -u, 2*u = 3*o - u - 183. Calculate the highest common factor of 168 and o.
56
Let w be 2/2*(2 - -6). Let n be w/(-1)*(2 - 3)*3. Let j = 22 + -10. What is the greatest common divisor of j and n?
12
Let g = -8513 - -31413. Let x be -2 + g/175*14/4. Calculate the greatest common factor of 48 and x.
24
Let n = 6120 - 5661. What is the greatest common factor of n and 17?
17
Let m(z) = 5*z**2 + 291*z - 861. Let v be m(3). Calculate the highest common factor of 2679 and v.
57
Let f = 16511 - 16507. What is the greatest common factor of f and 2386?
2
Suppose 140 = 4*t + t. Let k be (-3)/((-198)/63 - -3). Calculate the highest common divisor of t and k.
7
Let t = -277 + 271. Let v be (-44)/(t/(-63)*-3). Calculate the greatest common factor of v and 22.
22
Suppose -7*i + 10*i - 170 = 2*b, 4*i - 2*b - 230 = 0. Calculate the greatest common divisor of i and 2960.
20
Let b(z) = -z**2 + 40*z - 206. Let a be b(23). Let r = -80 + a. Calculate the highest common divisor of r and 140.
35
Let l = 2666 + -2638. What is the highest common divisor of 5 and l?
1
Let x(m) = 3*m - 14. Let l be x(5). Suppose 0 = -p - 0*p - l. Let g be 128*p/(-7) + 4/(-14). What is the greatest common divisor of 27 and g?
9
Suppose 0 = 304*z - 309*z - 150. Let p be (z + -11)/(4/(-4)). Calculate the greatest common divisor of p and 328.
41
Suppose 227*f = -26*f - 52*f + 11895. Let u(i) = -25*i + 6. Let w be u(-6). What is the greatest common factor of f and w?
39
Suppose -10 + 16 = -2*u. Let w be -2 - (-2 - (u - -3)). Suppose w*p - 46 = -2*p. What is the highest common divisor of p and 92?
23
Suppose 2*r = -103*n + 105*n + 80, -r + 72 = -5*n. Let q(m) = 6*m - 4. Let y be q(6). What is the greatest common factor of r and y?
32
Suppose 5 = -6*j + 35. Suppose -6*l = -j*l - 50. Calculate the highest common factor of l and 50.
50
Suppose 10*y - 18 = 8*y. Let i(b) = -b**2 + 9*b - 3. Let k be i(y). Let f be k + -1*(-3 - -2) + 8. Calculate the greatest common factor of f and 48.
6
Let f = -1925 + 2328. Let g be (6 + -7)/(1 - 108/104). Calculate the highest common divisor of f and g.
13
Suppose -94*j + 3797 + 715 = 0. Let w be 0 + 0 - 2 - -2. Suppose -5*v + i = -4*i - 45, w = 3*v + 5*i - 3. Calculate the highest common divisor of j and v.
6
Suppose -8*n + 4*n - 384 = -4*x, 0 = 2*x + 3*n - 207. Calculate the highest common factor of 549 and x.
9
Let f(s) = 11*s**2 + 4*s + 5. Let v be f(-3). Let b = v + -17. What is the greatest common factor of b and 45?
15
Let m be 66/(-4)*(-2688)/144. What is the highest common factor of m and 7469?
77
Let n = 5438 + -5426. Suppose 3*c + 0 - 9 = 0. Calculate the greatest common factor of c and n.
3
Let g(w) be the third derivative of w**6/120 + 4*w**5/15 - 2*w**4/3 + 9*w**3/2 - 5*w**2 - w. Let l be g(-17). What is the highest common divisor of l and 270?
10
Let t be 12/24 - 2/4. Suppose j - 11 + 0 = t. Let d = 25 - j. Calculate the highest common divisor of 14 and d.
14
Let t be -5 - (-2 + 156/(-2)). Suppose -17*x = -18*x + t. What is the highest common factor of x and 90?
15
Suppose 18801 - 7211 = 1159*c. Let m = 2 - 3. Let s be 68 + (-2)/(m - 0). Calculate the greatest common divisor of c and s.
10
Suppose 5*l = -2*d + 257, 4*l = 9*d - 661 - 628. Calculate the highest common divisor of d and 16497.
141
Suppose 5*q - 573 = -15*q + 307. Suppose -n = 5*b - 347, -3*n + 4*b = 2*n - 1764. Calculate the highest common divisor of q and n.
44
Let z be ((-15)/(-3))/(5/12). Let u = 13 - 26. Let h = u + 17. What is the greatest common divisor of z and h?
4
Suppose -3*z + 5*l - 10*l = -204, 4*z + 3*l = 250. What is the greatest common factor of z and 1856?
58
Suppose 36 = -0*t + 6*t. Let j be 2/(-4)*(-148 - t). Let b(g) = 9*g - 295. Let d be b(34). What is the highest common divisor of j and d?
11
Let c be 5 + (-2 - -1) + -4. Suppose -2*g + m = 12 - 103, -3*g - m + 139 = c. Calculate the highest common factor of g and 23.
23
Let l be (-3)/5 + (-140)/(-25). Suppose 2*c = 5 + l. Let p be -3*14/(-21)*1. What is the greatest common divisor of c and p?
1
Let b be ((4 - 10) + 189)*(1 - (-115)/15). Calculate the highest common factor of b and 182.
26
Suppose -2*i = 3*i - 230. Let r be ((-999)/148)/(120/(-7360)). What is the greatest common divisor of i and r?
46
Let u(m) = m**2 + 2*m - 44. Let g be u(-13). Let b = -92 + g. Calculate the highest common divisor of 133 and b.
7
Let y = -2112 + 2392. What is the highest common divisor of 32 and y?
8
Let m = 573 + -569. Let p be (-6391)/(-14) + 6/m + 1. Calculate the greatest common divisor of p and 102.
51
Let f = -99 + 93. Let t = f - -15. Let o = 86 - 41. Calculate the greatest common divisor of o and t.
9
Let v(c) = 145*c + 1049. Let y be v(-5). What is the highest common factor of y and 78?
6
Let k = 4913 - 4673. Calculate the highest common divisor of k and 105.
15
Suppose 2*z - 46 = -m, 5*m - z = 77 + 164. Let t(g) = -47*g - 4. Let s be t(1). Let n = 21 - s. Calculate the greatest common divisor of n and m.
24
Let m(y) = -y**3 + 12*y**2 + 24*y + 26. Suppose 54 =